{"id":5121,"date":"2025-01-24T15:42:42","date_gmt":"2025-01-24T15:42:42","guid":{"rendered":"https:\/\/electronicacasio.com.ec\/?post_type=product&#038;p=5121"},"modified":"2025-02-20T17:21:36","modified_gmt":"2025-02-20T17:21:36","slug":"balanza-colgante-hiweigh-3ton","status":"publish","type":"product","link":"https:\/\/megabalanzas.com.ec\/?product=balanza-colgante-hiweigh-3ton","title":{"rendered":"BALANZA COLGANTE HIWEIGH 3TON"},"content":{"rendered":"<p>CARCAZA DE ALEACI\u00d3N DE ALUMINIO<br \/>\nGrillete recubierto de Zinc, cerradura de seguridad<br \/>\nGancho giratorio (360\u00b0) recubierto de Zinc<br \/>\nBater\u00eda recargable 6V7Ah<br \/>\nCapacidad 3000kg<br \/>\nRango de Tara: 100% F.S.<br \/>\nPesaje en kilos y libras<br \/>\nB\u00fasqueda de Cero autom\u00e1tica<br \/>\nControl remoto inal\u00e1mbrico<\/p>\n","protected":false},"excerpt":{"rendered":"<p>CARCAZA DE ALEACI\u00d3N DE ALUMINIO Grillete recubierto de Zinc, cerradura de seguridad Gancho giratorio (360\u00b0) recubierto de Zinc Bater\u00eda recargable 6V7Ah Capacidad 3000kg Rango de Tara: 100% F.S. Pesaje en kilos y libras B\u00fasqueda de Cero autom\u00e1tica Control remoto inal\u00e1mbrico<\/p>\n","protected":false},"featured_media":5567,"comment_status":"open","ping_status":"closed","template":"","meta":[],"product_brand":[],"product_cat":[58],"product_tag":[],"class_list":{"0":"post-5121","1":"product","2":"type-product","3":"status-publish","4":"has-post-thumbnail","6":"product_cat-balanzas-colgantes","8":"first","9":"instock","10":"shipping-taxable","11":"product-type-simple"},"_links":{"self":[{"href":"https:\/\/megabalanzas.com.ec\/index.php?rest_route=\/wp\/v2\/product\/5121","targetHints":{"allow":["GET"]}}],"collection":[{"href":"https:\/\/megabalanzas.com.ec\/index.php?rest_route=\/wp\/v2\/product"}],"about":[{"href":"https:\/\/megabalanzas.com.ec\/index.php?rest_route=\/wp\/v2\/types\/product"}],"replies":[{"embeddable":true,"href":"https:\/\/megabalanzas.com.ec\/index.php?rest_route=%2Fwp%2Fv2%2Fcomments&post=5121"}],"wp:featuredmedia":[{"embeddable":true,"href":"https:\/\/megabalanzas.com.ec\/index.php?rest_route=\/wp\/v2\/media\/5567"}],"wp:attachment":[{"href":"https:\/\/megabalanzas.com.ec\/index.php?rest_route=%2Fwp%2Fv2%2Fmedia&parent=5121"}],"wp:term":[{"taxonomy":"product_brand","embeddable":true,"href":"https:\/\/megabalanzas.com.ec\/index.php?rest_route=%2Fwp%2Fv2%2Fproduct_brand&post=5121"},{"taxonomy":"product_cat","embeddable":true,"href":"https:\/\/megabalanzas.com.ec\/index.php?rest_route=%2Fwp%2Fv2%2Fproduct_cat&post=5121"},{"taxonomy":"product_tag","embeddable":true,"href":"https:\/\/megabalanzas.com.ec\/index.php?rest_route=%2Fwp%2Fv2%2Fproduct_tag&post=5121"}],"curies":[{"name":"wp","href":"https:\/\/api.w.org\/{rel}","templated":true}]}}